 the hundred thousands digit of 2698359770?
3
What is the ten thousands digit of 146506018?
0
What is the ten thousands digit of 4514557610?
5
What is the hundreds digit of 93963078?
0
What is the hundred millions digit of 203059333?
2
What is the tens digit of 37077622?
2
What is the hundred millions digit of 112617163?
1
What is the ten thousands digit of 987867098?
6
What is the hundred thousands digit of 463926543?
9
What is the tens digit of 358139968?
6
What is the tens digit of 284727704?
0
What is the tens digit of 318129517?
1
What is the hundred thousands digit of 5345664274?
6
What is the hundred millions digit of 106426087?
1
What is the hundred thousands digit of 26894569?
8
What is the thousands digit of 191332058?
2
What is the thousands digit of 147241698?
1
What is the millions digit of 272428747?
2
What is the ten thousands digit of 59453030?
5
What is the tens digit of 58952238?
3
What is the tens digit of 36113902?
0
What is the tens digit of 3212271249?
4
What is the hundred thousands digit of 1985408328?
4
What is the thousands digit of 13862843?
2
What is the units digit of 162577911?
1
What is the ten thousands digit of 5071548822?
4
What is the ten millions digit of 1309808349?
0
What is the hundreds digit of 120563485?
4
What is the tens digit of 143850983?
8
What is the thousands digit of 418799297?
9
What is the millions digit of 246549803?
6
What is the units digit of 74487733?
3
What is the hundred thousands digit of 68007530?
0
What is the hundreds digit of 77141972?
9
What is the hundred thousands digit of 13524752?
5
What is the billions digit of 1011416309?
1
What is the thousands digit of 110711842?
1
What is the ten millions digit of 1144172703?
4
What is the thousands digit of 1067416412?
6
What is the tens digit of 3947212378?
7
What is the hundred thousands digit of 3639988?
6
What is the ten thousands digit of 126614747?
1
What is the hundred thousands digit of 832690954?
6
What is the hundred thousands digit of 7547952784?
9
What is the ten thousands digit of 5744072727?
7
What is the ten millions digit of 81061282?
8
What is the units digit of 1210338949?
9
What is the hundred millions digit of 530073033?
5
What is the hundred thousands digit of 4184436?
1
What is the hundreds digit of 26303044?
0
What is the ten thousands digit of 124789866?
8
What is the hundreds digit of 931504315?
3
What is the hundred thousands digit of 1218119027?
1
What is the hundred millions digit of 1296293116?
2
What is the ten thousands digit of 368962733?
6
What is the millions digit of 1609803706?
9
What is the tens digit of 103570305?
0
What is the thousands digit of 101479990?
9
What is the ten millions digit of 1350286024?
5
What is the hundreds digit of 63737530?
5
What is the hundreds digit of 52357089?
0
What is the hundreds digit of 193573194?
1
What is the millions digit of 662792336?
2
What is the units digit of 28184811?
1
What is the ten thousands digit of 61668599?
6
What is the hundreds digit of 653862757?
7
What is the thousands digit of 3441301663?
1
What is the ten millions digit of 82999165?
8
What is the units digit of 668257512?
2
What is the units digit of 279088466?
6
What is the tens digit of 281934516?
1
What is the hundred millions digit of 7416585313?
4
What is the units digit of 221593596?
6
What is the tens digit of 1207368734?
3
What is the millions digit of 16099153?
6
What is the hundred thousands digit of 2292350983?
3
What is the ten millions digit of 876780323?
7
What is the hundred thousands digit of 26390836?
3
What is the millions digit of 91125881?
1
What is the ten thousands digit of 144780352?
8
What is the thousands digit of 937160640?
0
What is the hundreds digit of 262485549?
5
What is the units digit of 357441962?
2
What is the millions digit of 3063275807?
3
What is the ten millions digit of 388663344?
8
What is the hundred millions digit of 141591525?
1
What is the hundred thousands digit of 123324358?
3
What is the tens digit of 974286211?
1
What is the millions digit of 24843149?
4
What is the hundred thousands digit of 813907126?
9
What is the thousands digit of 2560470092?
0
What is the tens digit of 29150642?
4
What is the millions digit of 298118577?
8
What is the hundred millions digit of 239589670?
2
What is the ten thousands digit of 35682603?
8
What is the thousands digit of 336078056?
8
What is the millions digit of 26206376?
6
What is the units digit of 5505157872?
2
What is the hundred millions digit of 105931921?
1
What is the ten millions digit of 82754172?
8
What is the thousands digit of 69838671?
8
What is the millions digit of 620399832?
0
What is the millions digit of 6480281?
6
What is the hundred thousands digit of 7239232?
2
What is the hundred thousands digit of 857876735?
8
What is the millions digit of 1951033598?
1
What is the millions digit of 2095425414?
5
What is the ten thousands digit of 364084230?
8
What is the millions digit of 136340001?
6
What is the millions digit of 52373952?
2
What is the ten thousands digit of 415593922?
9
What is the thousands digit of 976432342?
2
What is the millions digit of 30401453?
0
What is the hundred thousands digit of 268080902?
0
What is the thousands digit of 85444363?
4
What is the hundreds digit of 4346695381?
3
What is the hundred thousands digit of 685994876?
9
What is the hundreds digit of 862988072?
0
What is the hundreds digit of 278232738?
7
What is the tens digit of 429661744?
4
What is the thousands digit of 3150912066?
2
What is the ten thousands digit of 63281517?
8
What is the ten millions digit of 11714363?
1
What is the hundreds digit of 451040480?
4
What is the millions digit of 1827056656?
7
What is the hundred millions digit of 1065141094?
0
What is the units digit of 6631182561?
1
What is the hundred thousands digit of 826028596?
0
What is the units digit of 87451870?
0
What is the units digit of 618496616?
6
What is the ten thousands digit of 89547774?
4
What is the millions digit of 196009448?
6
What is the thousands digit of 75265799?
5
What is the tens digit of 103090424?
2
What is the millions digit of 419839053?
9
What is the millions digit of 660573877?
0
What is the hundred thousands digit of 1080532340?
5
What is the hundred thousands digit of 1895706442?
7
What is the hundreds digit of 858289755?
7
What is the ten millions digit of 56649192?
5
What is the thousands digit of 1071740835?
0
What is the units digit of 505017543?
3
What is the millions digit of 66436821?
6
What is the ten millions digit of 749261865?
4
What is the ten millions digit of 3271089335?
7
What is the tens digit of 7556135713?
1
What is the units digit of 1532352753?
3
What is the hundred thousands digit of 86251668?
2
What is the tens digit of 1092125?
2
What is the hundred thousands digit of 6720533212?
5
What is the hundred thousands digit of 29726884?
7
What is the thousands digit of 1754979039?
9
What is the ten millions digit of 45514416?
4
What is the hundreds digit of 2404566937?
9
What is the millions digit of 69385015?
9
What is the millions digit of 5270084370?
0
What is the millions digit of 26260359?
6
What is the units digit of 10767821?
1
What is the tens digit of 507685563?
6
What is the units digit of 6553583752?
2
What is the hundreds digit of 9712404?
4
What is the hundred millions digit of 4574095430?
5
What is the hundreds digit of 752137171?
1
What is the millions digit of 1574820969?
4
What is the hundred thousands digit of 183571239?
5
What is the thousands digit of 4682402486?
2
What is the units digit of 348327016?
6
What is the ten millions digit of 259190406?
5
What is the hundred millions digit of 1194535007?
1
What is the ten millions digit of 562314939?
6
What is the billions digit of 1535690227?
1
What is the ten millions digit of 205569722?
0
What is the ten millions digit of 348382041?
4
What is the units digit of 11650518?
8
What is the tens digit of 247151115?
1
What is the hundred thousands digit of 7778681?
7
What is the hundred thousands digit of 548774900?
7
What is the hundred millions digit of 8829381718?
8
What is the ten millions digit of 32427392?
3
What is the hundred thousands digit of 116331365?
3
What is the ten thousands digit of 37622076?
2
What is the t